{"id":12,"date":"2014-03-22T09:47:40","date_gmt":"2014-03-22T09:47:40","guid":{"rendered":"http:\/\/www.kvalevaag.se\/?page_id=12"},"modified":"2022-06-20T11:09:12","modified_gmt":"2022-06-20T11:09:12","slug":"slaktforskning","status":"publish","type":"page","link":"https:\/\/sandbox.kvalevaag.se\/?page_id=12","title":{"rendered":"B\u00f6rja sl\u00e4ktforska"},"content":{"rendered":"<p style=\"text-align: left;\">\n<p style=\"text-align: left;\"><strong>Ha t\u00e5lamod, arbeta metodiskt<\/strong><br \/>\n<span style=\"font-size: small;\"><img loading=\"lazy\" decoding=\"async\" class=\"alignright wp-image-1974 size-full\" style=\"border: 0px;\" src=\"https:\/\/sandbox.kvalevaag.se\/wp-content\/uploads\/2014\/03\/Brev1.jpg\" alt=\"\" width=\"220\" height=\"300\" \/><\/span>I b\u00f6rjan av sl\u00e4ktforskningen uppt\u00e4cker man snabbt hur sp\u00e4nnande det \u00e4r att f\u00f6lja sin sl\u00e4kt bak\u00e5t i tiden. Moderna hj\u00e4lpmedel g\u00f6r det enklare och snabbt att f\u00e5 resultat. Numera finns kyrkb\u00f6cker, olika register, domstolshandlingar, skiftesprotokoll, folkr\u00e4kningar med mera f\u00f6r flera hundra \u00e5r tillbaka. Det riskerar snabbt bli spretigt och sv\u00e5rt att ha \u00f6versikt. S\u00e5 ta det lugnt, och f\u00f6rs\u00f6k arbeta metodiskt. B\u00f6rja med att skriva ner de n\u00e4rmaste sl\u00e4ktingar som finns i livet. Ta reda p\u00e5 namn, adress, telefon, familjemedlemmar ja s\u00e5dant som finns tillg\u00e4ngligt just d\u00e5. Kontakta dem och intervjua f\u00f6r att fylla p\u00e5 med viktiga h\u00e4ndelser s\u00e5som f\u00f6dsel, dop, vigslar, yrke och \u00f6vriga saker som dyker upp. Just det h\u00e4r sista kan verka en aning virrigt i b\u00f6rjan, speciellt med \u00e4ldre m\u00e4nniskor som pratar om gamla tider. Du f\u00e5r lite information h\u00e4r och lite d\u00e4r. D\u00e4rf\u00f6r \u00e4r det viktigt att notera det som s\u00e4gs. Senare kommer man ofta tillbaka till en h\u00e4ndelse och d\u00e5 saknar man informationen. F\u00e5r du spela in samtalen s\u00e5 g\u00f6r det. N\u00e5gra personer \u00e4r inte i livet, f\u00f6r dem blir det noteringar om d\u00f6d, orsak och begravningsplats. Kanske har du tur att n\u00e5gon redan h\u00e5ller p\u00e5 eller har sl\u00e4ktforskat d\u00e4r du kan forts\u00e4tta. Dagens moderna teknik med v\u00e5ra smartphones g\u00f6r att du kan fotografera, spela in film\/ljud, skanna dokument, brev osv.<\/p>\n<p style=\"text-align: left;\"><strong>K\u00e4llh\u00e4nvisning<\/strong><br \/>\nAll information om dina sl\u00e4ktingar som du finner ska du notera. Det kan g\u00f6ras p\u00e5 m\u00e5nga vis allt fr\u00e5n papper, skriva p\u00e5 datorn i Word eller att inf\u00f6rskaffa ett sl\u00e4ktforskningsprogram. \u00c4ven om det tar tid kommer du spara mycket tid p\u00e5 sikt. Sen vill du komma tillbaka till uppgifterna d\u00e5 blir dina noteringar och k\u00e4llh\u00e4nvisningar perfekta. Dessutom \u00e4r det betydligt enklare f\u00f6r andra som tar del av din forskning kan verifiera uppgifterna. Anv\u00e4nd i f\u00f6rsta hand originalk\u00e4llorna till kyrkob\u00f6ckerna, lita inte p\u00e5 andras uppgifter om de inte finns k\u00e4llor angivna. Dessa ska betraktas som sekund\u00e4ra.<\/p>\n<p><strong>Avgr\u00e4nsa din sl\u00e4ktforskning<\/strong><br \/>\nDu b\u00f6r tidigt best\u00e4mma dig f\u00f6r hur brett och djupt forskningen ska utf\u00f6ras. Ska du bara forska i rakt led bak\u00e5t eller ska du ta med syskon, ingifta f\u00f6r\u00e4ldrar osv. Det g\u00e5r alltid att bredda efter\u00e5t. En del sl\u00e4ktforskare f\u00f6rdjupar sig i n\u00e5gon hembygd, trakt, stad eller yrke som till exempel smeder Andra vill komma s\u00e5 l\u00e5ngt tillbaka det g\u00e5r. Allt \u00e4r upp till var och en.<\/p>\n<p><strong>Dokumentera forskning<\/strong><br \/>\nDet finns m\u00e5nga sl\u00e4ktforskningsprogram f\u00f6r datorn flera \u00e4r p\u00e5 svenska, utvecklade i Sverige. Jag har testat ett flertal allt fr\u00e5n <a href=\"https:\/\/www.tngsitebuilding.com\/\" target=\"_blank\" rel=\"noopener\"><img loading=\"lazy\" decoding=\"async\" class=\"alignright wp-image-8875 size-full\" src=\"https:\/\/sandbox.kvalevaag.se\/wp-content\/uploads\/2021\/06\/TNG.jpg\" alt=\"\" width=\"300\" height=\"93\" \/><\/a>enkla gratis program till mer avancerade. De mer avancerade och omfattande programmen inneh\u00e5ller ofta mer \u00e4n vad som beh\u00f6vs. Sj\u00e4lv anv\u00e4nder jag \u201d<strong><a href=\"https:\/\/www.dannbergsdata.se\/\" target=\"_blank\" rel=\"noopener\">Min Sl\u00e4kt<\/a><\/strong>\u201d i datorn. Alla program ska kunna importera och exportera tr\u00e4d i en GEDCOM format. Det \u00e4r inget som du beh\u00f6ver fundera p\u00e5 i b\u00f6rjan. Senare om man vill byta och\/eller placera inneh\u00e5ll p\u00e5 n\u00e4tet, d\u00e5 kommer GEDCOM till anv\u00e4ndning. Det \u00e4r en standard som g\u00f6r det m\u00f6jligt att \u00f6verf\u00f6ra sl\u00e4kttr\u00e4d till n\u00e5gon annans tr\u00e4d\/plats eller tv\u00e4rtom. Jag har valt att anv\u00e4nda ett amerikanskt program som kallas TNG (The Next Generation) och finns p\u00e5 de flesta spr\u00e5k. Det \u00e4r det allra b\u00e4sta som g\u00e5r att f\u00e5 tag i enligt min bed\u00f6mning. D\u00e5 l\u00e4ser man in hela sitt tr\u00e4d med den informationen man vill dela med sig av med hj\u00e4lp av GEDCOM. Resultatet blir en egen hemsida utifr\u00e5n en valfri mall. Det kr\u00e4vs att man har ett webbhotell d\u00e4r man installerar TNG. <strong><a href=\"https:\/\/sandbox.kvalevaag.se\/TNG\/index.php\" target=\"_blank\" rel=\"noopener\">S\u00e5 h\u00e4r ser min ut.<\/a><\/strong><\/p>\n<p style=\"text-align: left;\"><strong>\u00c4ldre skrivstilar<\/strong><br \/>\n<img loading=\"lazy\" decoding=\"async\" class=\"alignright wp-image-8873 size-full\" src=\"https:\/\/sandbox.kvalevaag.se\/wp-content\/uploads\/2021\/06\/Gotiskhandskrift_1.jpg\" alt=\"\" width=\"200\" height=\"93\" \/>I b\u00f6rjan av 1800-talet och bak\u00e5t kommer du tr\u00e4ffa p\u00e5 den gamla tyska (nygotiska) skrivstilen. Ta dig tid och l\u00e4r dig dessa bokst\u00e4ver. Du kommer ha stor f\u00f6rdel n\u00e4r du sj\u00e4lv ska tyda handstilen. Det finns bra litteratur och video att ta hj\u00e4lp av. Ta \u00e4ven hj\u00e4lp av andra sl\u00e4ktforskare f\u00f6r att tyda det som du sj\u00e4lv k\u00f6r fast. Fast jag har h\u00e5llit p\u00e5 l\u00e4nge \u00e4r det fortfarande s\u00e5 att man beh\u00f6ver l\u00e4s hj\u00e4lp. Jag anv\u00e4nder m\u00e5na sl\u00e4ktforskargrupper p\u00e5 Facebook f\u00f6r olika \u00e4ndam\u00e5l. Kan vara emigranter till Amerika fr\u00e5n Norge, Tyskland eller andra l\u00e4nder. Gruppmedlemmarna \u00e4r mycket hj\u00e4lpsamma och du f\u00e5r ofta snabb hj\u00e4lp att tolka och tyda sv\u00e5rl\u00e4sta handstilar. Inte alla pr\u00e4ster och klockare som kunde skriva snyggt. och l\u00e4sbart. Finns en &#8221;<strong><a href=\"https:\/\/www.hist.uib.no\/gotisk\/\" target=\"_blank\" rel=\"noopener\">Online kurs i gotisk handskrift<\/a><\/strong>&#8221; p\u00e5 n\u00e4tet som f\u00f6rklarar det gotiska alfabetet, ordbok, tolkningshj\u00e4lp med mera. Det Norska Arkivverket har tagit fram en App att ladda ner fritt och installera p\u00e5 din mobiltelefon &#8221;Gotisk Haandskrift&#8221; heter den. S\u00f6k p\u00e5 de olika plattformarna, mycket bra att ha med sig.<\/p>\n<p><strong>Sl\u00e4ktforska utomlands<\/strong><br \/>\n<span style=\"font-size: small;\"><strong><img loading=\"lazy\" decoding=\"async\" class=\"alignright wp-image-1975 size-full\" src=\"https:\/\/sandbox.kvalevaag.se\/wp-content\/uploads\/2014\/03\/Brev21.jpg\" alt=\"\" width=\"300\" height=\"179\" border=\"0\" \/><\/strong><\/span>Sl\u00e4ktforska i Danmark och Norge \u00e4r det ganska snarlikt Sverige. D\u00e4remot i Tyskland finns andra lagar och f\u00f6rordningar som vi svenskar inte \u00e4r s\u00e5 vana vid. USA har mycket information p\u00e5 Internet men man f\u00e5r se upp f\u00f6r en del vill ha betalt f\u00f6r informationen. Ofta st\u00f6ter man p\u00e5 n\u00e5gon sl\u00e4ktforskarf\u00f6rening eller enskilda personer som hittar till ens sida p\u00e5 n\u00e4tet eller tr\u00e4ffar man p\u00e5 n\u00e5got som ser intressant ut. Skriv och fr\u00e5ga de flesta hj\u00e4lper till. Jag har nog bara tr\u00e4ffat p\u00e5 enstaka som kan vara sv\u00e5rfl\u00f6rtade men tr\u00e4gen vinner. Under respektive land p\u00e5 min sida finner du l\u00e4mpliga l\u00e4nkar. Ett s\u00e4tt att komma runt problemen med dokumentation i andra l\u00e4nder \u00e4r att inf\u00f6rskaffa en <strong><a href=\"https:\/\/sv.wikipedia.org\/wiki\/Virtuellt_privat_n%C3%A4tverk\" target=\"_blank\" rel=\"noopener\">VPN<\/a><\/strong> tj\u00e4nst (Virtuellt privat n\u00e4tverk). D\u00e5 l\u00e5ter du trafiken g\u00e5 \u00f6ver en server i l\u00e4mpligt land. Detta g\u00f6r det m\u00f6jligt att till exempel l\u00e4sa b\u00f6cker p\u00e5 bibliotek runt om i v\u00e4rlden eller ta del av nyheter och tidningar.<\/p>\n<p><strong>DNA<\/strong><br \/>\nMycket snabbt har DNA sl\u00e4ktforskningen er\u00f6vrat mark. Det \u00e4r viktigt att man tar ett DNA test. Finns flera olika f\u00f6retag att v\u00e4lja mellan. En del \u00e4r fria s\u00e5 tillvrida att man inte beh\u00f6ver n\u00e5got abonnemang, en del vill ha betalt f\u00f6r b\u00e5de och. L\u00e4s p\u00e5 innan du best\u00e4mmer dig f\u00f6r vilket, Jag har tagit fram en information d\u00e4r du kan <strong><a href=\"https:\/\/sandbox.kvalevaag.se\/DNA\/index.html\" target=\"_blank\" rel=\"noopener\">l\u00e4ra dig mer om DNA sl\u00e4ktforskningen<\/a><\/strong>.<\/p>\n<p><strong>Lite r\u00e5d p\u00e5 v\u00e4gen<\/strong><br \/>\nB\u00f6rja prata med dina mor- och farf\u00f6r\u00e4ldrar. Skriv ner, skriv ner, jag har \u00e5ngrat mig m\u00e5nga g\u00e5nger f\u00f6r att jag missat information. Anv\u00e4nd mobiltelefonen, ta bilder p\u00e5 personer du tr\u00e4ffar (fr\u00e5ga f\u00f6rst), dokumentera det du inte f\u00e5r med dig, ta kopior. Du kan \u00e4ven spela in samtalen med telefonen om du f\u00e5r lov. Samla allt \u00e4ven s\u00e5dant som du inte tycker \u00e4r relevant f\u00f6r tillf\u00e4llet. En dag beh\u00f6ver du det, tro mig.<br \/>\nGamla foton \u00e4r en guldgruva men du beh\u00f6ver n\u00e5gon som kan ber\u00e4tta vem som \u00e4r vem p\u00e5 bilden och var och n\u00e4r fotot \u00e4r tagen. Jag har sammanst\u00e4llt en information hur du kan tolka gamla portr\u00e4ttfoton som heter just \u201d<strong><a href=\"https:\/\/sandbox.kvalevaag.se\/Potrattskola\/index.html\" target=\"_blank\" rel=\"noopener\">Tolka Portr\u00e4ttfoto<\/a><\/strong>\u201d<\/p>\n<p>M\u00e5nga som b\u00f6rjar med sl\u00e4ktforskning vill g\u00e4rna finna intressanta h\u00e4ndelser, s\u00e5som mord, domar, ber\u00f6mda personer med mera. Det \u00e4r inte ofta man tr\u00e4ffar p\u00e5 s\u00e5dana personer utan mer vardagsn\u00e4ra historier som \u00e4r minst av lika stort intresse. Jag f\u00f6rs\u00f6ker skriva sm\u00e5 sl\u00e4ktsagor \u00f6ver intressanta h\u00e4ndelser och personers liv. F\u00f6rlisningar, platser med mera. Du finner en del av mina ber\u00e4ttelser under <strong><a href=\"?page_id=16\" rel=\"noopener\">Sl\u00e4ktsagor<\/a><\/strong>\u00a0i menyn p\u00e5 min sida.<br \/>\nLycka till med din sl\u00e4ktforskning.<\/p>\n<p>Allan Kvalevaag<br \/>\n2022-06-20<\/p>\n","protected":false},"excerpt":{"rendered":"<p>Ha t\u00e5lamod, arbeta metodiskt I b\u00f6rjan av sl\u00e4ktforskningen uppt\u00e4cker man snabbt hur sp\u00e4nnande det \u00e4r att f\u00f6lja sin sl\u00e4kt bak\u00e5t i tiden. Moderna hj\u00e4lpmedel g\u00f6r det enklare och snabbt att f\u00e5 resultat. Numera finns kyrkb\u00f6cker, olika register, domstolshandlingar, skiftesprotokoll, folkr\u00e4kningar med mera f\u00f6r flera hundra \u00e5r tillbaka. Det riskerar snabbt bli spretigt och sv\u00e5rt att [&hellip;]<\/p>\n","protected":false},"author":1,"featured_media":0,"parent":0,"menu_order":0,"comment_status":"closed","ping_status":"open","template":"","meta":{"_monsterinsights_skip_tracking":false,"_monsterinsights_sitenote_active":false,"_monsterinsights_sitenote_note":"","_monsterinsights_sitenote_category":0,"footnotes":""},"_links":{"self":[{"href":"https:\/\/sandbox.kvalevaag.se\/index.php?rest_route=\/wp\/v2\/pages\/12"}],"collection":[{"href":"https:\/\/sandbox.kvalevaag.se\/index.php?rest_route=\/wp\/v2\/pages"}],"about":[{"href":"https:\/\/sandbox.kvalevaag.se\/index.php?rest_route=\/wp\/v2\/types\/page"}],"author":[{"embeddable":true,"href":"https:\/\/sandbox.kvalevaag.se\/index.php?rest_route=\/wp\/v2\/users\/1"}],"replies":[{"embeddable":true,"href":"https:\/\/sandbox.kvalevaag.se\/index.php?rest_route=%2Fwp%2Fv2%2Fcomments&post=12"}],"version-history":[{"count":17,"href":"https:\/\/sandbox.kvalevaag.se\/index.php?rest_route=\/wp\/v2\/pages\/12\/revisions"}],"predecessor-version":[{"id":9569,"href":"https:\/\/sandbox.kvalevaag.se\/index.php?rest_route=\/wp\/v2\/pages\/12\/revisions\/9569"}],"wp:attachment":[{"href":"https:\/\/sandbox.kvalevaag.se\/index.php?rest_route=%2Fwp%2Fv2%2Fmedia&parent=12"}],"curies":[{"name":"wp","href":"https:\/\/api.w.org\/{rel}","templated":true}]}}