{"id":16,"date":"2014-03-22T09:48:02","date_gmt":"2014-03-22T09:48:02","guid":{"rendered":"http:\/\/www.kvalevaag.se\/?page_id=16"},"modified":"2022-06-20T15:42:13","modified_gmt":"2022-06-20T15:42:13","slug":"slaktsagor","status":"publish","type":"page","link":"https:\/\/sandbox.kvalevaag.se\/?page_id=16","title":{"rendered":"Sl\u00e4ktsagor"},"content":{"rendered":"<p><img loading=\"lazy\" decoding=\"async\" class=\"alignright wp-image-2087 size-medium\" style=\"border: 0px;\" src=\"https:\/\/sandbox.kvalevaag.se\/wp-content\/uploads\/2014\/03\/Slaktsagor-300x240.jpg\" alt=\"\" width=\"300\" height=\"240\" srcset=\"https:\/\/sandbox.kvalevaag.se\/wp-content\/uploads\/2014\/03\/Slaktsagor-300x240.jpg 300w, https:\/\/sandbox.kvalevaag.se\/wp-content\/uploads\/2014\/03\/Slaktsagor.jpg 500w\" sizes=\"(max-width: 300px) 100vw, 300px\" \/><strong>Sl\u00e4ktsagor\u00a0<\/strong><br \/>\nSl\u00e4ktsagor eller snarare ber\u00e4ttelser om intressanta personer presenteras h\u00e4r mer ing\u00e5ende.\u00a0Efterhand som material samlas in kommer det att bli fler ber\u00e4ttelser.<\/p>\n<p>Arbetet med &#8221;sl\u00e4ktsagorna&#8221; \u00e4r indelat i olika steg.<br \/>\nDet f\u00f6rsta \u00e4r att leta upp intressanta historier att ber\u00e4tta. D\u00e4refter b\u00f6rjar sj\u00e4lva insamlandet av information och k\u00e4llor, vilket tar det mesta av tiden, ibland flera \u00e5r. N\u00e4r materialet \u00e4r p\u00e5 plats ska det sammanst\u00e4llas och sorteras upp. G\u00e4rna bilder, filmer om det finns, vilket \u00e4r att f\u00f6redra. Dessa ska skannas in och eller behandlas innan det slutligen blir en l\u00e4sv\u00e4rd historia eller sl\u00e4ktsaga om man s\u00e5 vill.<\/p>\n<p><a href=\"?page_id=7523\"><strong>Anders Paulsen Wallevik<\/strong><\/a><br \/>\n<strong><a href=\"?page_id=4284\">Carl Dah<\/a>l<\/strong><br \/>\n<a href=\"?page_id=7857\"><strong>Hans Kristoffer Halvorsen<\/strong><\/a><br \/>\n<a href=\"?page_id=92\"><strong>Heinrich Lass<\/strong><\/a><br \/>\n<a href=\"?page_id=9546\"><strong>Jacob Andersen<\/strong><\/a><br \/>\n<a href=\"?page_id=9143\"><strong>John Hauge<\/strong><\/a><br \/>\n<a href=\"?page_id=1468\"><strong>John Henry Walker<\/strong><\/a><br \/>\n<a href=\"?page_id=8792\"><strong>John Kvalevaag<\/strong><\/a><br \/>\n<a href=\"?page_id=7873\"><strong>Lars Dedrick Wadholm<\/strong><\/a><br \/>\n<a href=\"?page_id=8816\"><strong>Laura Amalie Pedersdatter<\/strong><\/a><br \/>\n<a href=\"?page_id=2685\"><strong>Mathias Kvalevaag<\/strong><\/a><br \/>\n<a href=\"?page_id=100\"><strong>Ole Olsen<\/strong><\/a><br \/>\n<a href=\"?page_id=8820\"><strong>Peder Bertin<\/strong><\/a><br \/>\n<a href=\"?page_id=8714\"><strong>Storjohann<\/strong><\/a><br \/>\n<a href=\"?page_id=9294\"><strong>Sven Fredriksen Ostewig<\/strong><\/a><br \/>\n<a href=\"?page_id=9024\"><strong>Tollef Bakke<\/strong><\/a><br \/>\n<a href=\"?page_id=8268\"><strong>Tre br\u00f6der<\/strong><\/a><\/p>\n<p>Allan Kvalevaag<br \/>\n2022-06-20<\/p>\n","protected":false},"excerpt":{"rendered":"<p>Sl\u00e4ktsagor\u00a0 Sl\u00e4ktsagor eller snarare ber\u00e4ttelser om intressanta personer presenteras h\u00e4r mer ing\u00e5ende.\u00a0Efterhand som material samlas in kommer det att bli fler ber\u00e4ttelser. Arbetet med &#8221;sl\u00e4ktsagorna&#8221; \u00e4r indelat i olika steg. Det f\u00f6rsta \u00e4r att leta upp intressanta historier att ber\u00e4tta. D\u00e4refter b\u00f6rjar sj\u00e4lva insamlandet av information och k\u00e4llor, vilket tar det mesta av tiden, ibland [&hellip;]<\/p>\n","protected":false},"author":1,"featured_media":0,"parent":0,"menu_order":0,"comment_status":"closed","ping_status":"open","template":"","meta":{"_monsterinsights_skip_tracking":false,"_monsterinsights_sitenote_active":false,"_monsterinsights_sitenote_note":"","_monsterinsights_sitenote_category":0,"footnotes":""},"_links":{"self":[{"href":"https:\/\/sandbox.kvalevaag.se\/index.php?rest_route=\/wp\/v2\/pages\/16"}],"collection":[{"href":"https:\/\/sandbox.kvalevaag.se\/index.php?rest_route=\/wp\/v2\/pages"}],"about":[{"href":"https:\/\/sandbox.kvalevaag.se\/index.php?rest_route=\/wp\/v2\/types\/page"}],"author":[{"embeddable":true,"href":"https:\/\/sandbox.kvalevaag.se\/index.php?rest_route=\/wp\/v2\/users\/1"}],"replies":[{"embeddable":true,"href":"https:\/\/sandbox.kvalevaag.se\/index.php?rest_route=%2Fwp%2Fv2%2Fcomments&post=16"}],"version-history":[{"count":5,"href":"https:\/\/sandbox.kvalevaag.se\/index.php?rest_route=\/wp\/v2\/pages\/16\/revisions"}],"predecessor-version":[{"id":9573,"href":"https:\/\/sandbox.kvalevaag.se\/index.php?rest_route=\/wp\/v2\/pages\/16\/revisions\/9573"}],"wp:attachment":[{"href":"https:\/\/sandbox.kvalevaag.se\/index.php?rest_route=%2Fwp%2Fv2%2Fmedia&parent=16"}],"curies":[{"name":"wp","href":"https:\/\/api.w.org\/{rel}","templated":true}]}}