{"id":1622,"date":"2014-12-06T08:44:24","date_gmt":"2014-12-06T08:44:24","guid":{"rendered":"http:\/\/www.kvalevaag.se\/?page_id=1622"},"modified":"2022-06-06T17:04:36","modified_gmt":"2022-06-06T17:04:36","slug":"kungsgarden","status":"publish","type":"page","link":"https:\/\/sandbox.kvalevaag.se\/?page_id=1622","title":{"rendered":"Kungsg\u00e5rden p\u00e5 Avaldsn\u00e6s"},"content":{"rendered":"<p class=\"header-contact hidden-phone\"><strong>Harald H\u00e5rfagre kungsg\u00e5rd<\/strong><\/p>\n<figure id=\"attachment_8484\" aria-describedby=\"caption-attachment-8484\" style=\"width: 400px\" class=\"wp-caption alignright\"><img loading=\"lazy\" decoding=\"async\" class=\"wp-image-8484 size-full\" src=\"https:\/\/sandbox.kvalevaag.se\/wp-content\/uploads\/2021\/03\/Avaldsnes_Kungsgard.jpg\" alt=\"\" width=\"400\" height=\"224\" srcset=\"https:\/\/sandbox.kvalevaag.se\/wp-content\/uploads\/2021\/03\/Avaldsnes_Kungsgard.jpg 400w, https:\/\/sandbox.kvalevaag.se\/wp-content\/uploads\/2021\/03\/Avaldsnes_Kungsgard-300x168.jpg 300w\" sizes=\"(max-width: 400px) 100vw, 400px\" \/><figcaption id=\"caption-attachment-8484\" class=\"wp-caption-text\">Foto: Illustration: ARKIKON<\/figcaption><\/figure>\n<p class=\"header-contact hidden-phone\">Arkeologer har funnit Harald H\u00e5rfagre kungsg\u00e5rd p\u00e5 Avaldsn\u00e6s. Redan 2006 fann man byggnadsrester som bekr\u00e4ftar det. Harald H\u00e5rfagre som var en vestlandskung i Norge mellan 872 \u2013 ca 933 hade fem kungsg\u00e5rdar han reste mellan. Alla hans g\u00e5rdar l\u00e5g l\u00e4ngs seglingsleden Utstein (Rennes\u00f8y), Avaldsn\u00e6s (Karm\u00f8y), Fitjar (Stord), Albrekstad (Bergen) och Seim (i Lind\u00e5s norr om Bergen). Kungsg\u00e5rden p\u00e5 Avaldsn\u00e6s var den viktigaste och h\u00e4r k\u00e4nde han sig b\u00e4st hemma, d\u00e4r han tillbringade sina vintrar.<br \/>Projektet har fortsatt med att kartl\u00e4gga Avaldsnes roll som kunglig plats fr\u00e5n omkring \u00e5r 200 till tidig medeltid, inklusive vikingatiden fram till \u00e5r1100. Efter uppt\u00e4ckten av den medeltida kungliga kungsg\u00e5rden 2012 utvidgades projektet till att \u00e4ven g\u00e4lla f\u00f6r h\u00f6gmedeltiden. Kungsg\u00e5rden, vars rester nu har hittats byggdes n\u00e5gon g\u00e5ng mellan 1250\u20131319 av H\u00e5kon H\u00e5konsson som \u00e4ven byggde Olavskirken. Vilken slutf\u00f6rdes av H\u00e5kon V Magnusson som gjorde Olavskirken till en av fyra kollegiala kyrkor i Norge. De andra finns i Bergen, Oslo och T\u00f8nsberg. Omkring \u00e5r 1250 reste H\u00e5kon H\u00e5konsson ett kapell p\u00e5 platsen. G\u00e5rden blev nedbr\u00e4nt 1368 men byggdes upp igen. P\u00e5 1400-talet anv\u00e4ndes g\u00e5rden som pr\u00e4stg\u00e5rd vilken brann ner 1698. <strong><a href=\"https:\/\/www.n-kh.no\/index.php?s=artikkel&amp;artid=436&amp;fbclid=IwAR2RX8YBM5ghhoDiLtuLPNlSAcGPK6ANVvGx8UP6k5pH27f3OnPkf2EauXs\" target=\"_blank\" rel=\"noopener\">L\u00e4s mer om branden<\/a><\/strong>.<\/p>\n<p class=\"header-contact hidden-phone\">Se den digitala rekonstruktionen baserad p\u00e5 arkeologiska utgr\u00e4vningar 2017 hur kungsg\u00e5rden kan ha sett ut omkring \u00e5r 1300.<\/p>\n<p><iframe loading=\"lazy\" title=\"Avaldsnes Royal Manor, around 1300 AD.\" width=\"1140\" height=\"641\" src=\"https:\/\/www.youtube.com\/embed\/gow2Owx4yl4?feature=oembed\" frameborder=\"0\" allow=\"accelerometer; autoplay; clipboard-write; encrypted-media; gyroscope; picture-in-picture; web-share\" allowfullscreen><\/iframe><\/p>\n<p class=\"header-contact hidden-phone\"><strong style=\"font-size: inherit;\">L\u00e4s mer:<br \/><\/strong><\/p>\n<p><strong><a href=\"https:\/\/www.n-kh.no\/index.php?s=artikkel&amp;artid=436&amp;fbclid=IwAR2Jzj9BH5aG4McXNGi-jo7d4fi4YIYLSjl3kZKJtR82LGpEWt7GoYcK3SI\" target=\"_blank\" rel=\"noopener\">Nord-Karm\u00f8y Historielag<\/a><br \/><\/strong><a href=\"https:\/\/www.nrk.no\/rogaland\/--kongsgarden-var-pa-avaldsnes_-1.1401713\" target=\"_blank\" rel=\"noopener\"><strong>NRK<\/strong><\/a><strong><br \/><\/strong><a href=\"https:\/\/avaldsnes.info\/historie\/\" target=\"_blank\" rel=\"noopener\"><strong>Nordvegen Historiesenter<\/strong><\/a><\/p>\n<p>Allan Kvalevaag<br \/>2021-03-06<\/p>\n\n\n<p><\/p>\n","protected":false},"excerpt":{"rendered":"<p>Harald H\u00e5rfagre kungsg\u00e5rd Arkeologer har funnit Harald H\u00e5rfagre kungsg\u00e5rd p\u00e5 Avaldsn\u00e6s. Redan 2006 fann man byggnadsrester som bekr\u00e4ftar det. Harald H\u00e5rfagre som var en vestlandskung i Norge mellan 872 \u2013 ca 933 hade fem kungsg\u00e5rdar han reste mellan. Alla hans g\u00e5rdar l\u00e5g l\u00e4ngs seglingsleden Utstein (Rennes\u00f8y), Avaldsn\u00e6s (Karm\u00f8y), Fitjar (Stord), Albrekstad (Bergen) och Seim (i [&hellip;]<\/p>\n","protected":false},"author":2,"featured_media":0,"parent":80,"menu_order":0,"comment_status":"closed","ping_status":"closed","template":"","meta":{"_monsterinsights_skip_tracking":false,"_monsterinsights_sitenote_active":false,"_monsterinsights_sitenote_note":"","_monsterinsights_sitenote_category":0,"footnotes":""},"_links":{"self":[{"href":"https:\/\/sandbox.kvalevaag.se\/index.php?rest_route=\/wp\/v2\/pages\/1622"}],"collection":[{"href":"https:\/\/sandbox.kvalevaag.se\/index.php?rest_route=\/wp\/v2\/pages"}],"about":[{"href":"https:\/\/sandbox.kvalevaag.se\/index.php?rest_route=\/wp\/v2\/types\/page"}],"author":[{"embeddable":true,"href":"https:\/\/sandbox.kvalevaag.se\/index.php?rest_route=\/wp\/v2\/users\/2"}],"replies":[{"embeddable":true,"href":"https:\/\/sandbox.kvalevaag.se\/index.php?rest_route=%2Fwp%2Fv2%2Fcomments&post=1622"}],"version-history":[{"count":8,"href":"https:\/\/sandbox.kvalevaag.se\/index.php?rest_route=\/wp\/v2\/pages\/1622\/revisions"}],"predecessor-version":[{"id":8909,"href":"https:\/\/sandbox.kvalevaag.se\/index.php?rest_route=\/wp\/v2\/pages\/1622\/revisions\/8909"}],"up":[{"embeddable":true,"href":"https:\/\/sandbox.kvalevaag.se\/index.php?rest_route=\/wp\/v2\/pages\/80"}],"wp:attachment":[{"href":"https:\/\/sandbox.kvalevaag.se\/index.php?rest_route=%2Fwp%2Fv2%2Fmedia&parent=1622"}],"curies":[{"name":"wp","href":"https:\/\/api.w.org\/{rel}","templated":true}]}}