{"id":4284,"date":"2018-07-19T12:20:46","date_gmt":"2018-07-19T12:20:46","guid":{"rendered":"http:\/\/www.kvalevaag.se\/?page_id=4284"},"modified":"2022-03-25T16:48:35","modified_gmt":"2022-03-25T16:48:35","slug":"carl-dahl","status":"publish","type":"page","link":"https:\/\/sandbox.kvalevaag.se\/?page_id=4284","title":{"rendered":"Carl Dahl"},"content":{"rendered":"<p><img loading=\"lazy\" decoding=\"async\" class=\"alignleft wp-image-4286 size-full\" src=\"https:\/\/sandbox.kvalevaag.se\/wp-content\/uploads\/2018\/07\/Carl_Dahl_1.jpg\" alt=\"\" width=\"187\" height=\"300\" \/>Carl f\u00f6ddes 12 maj 1893 p\u00e5 Tj\u00f8svoll i \u00c5kra, Rogaland av hans f\u00f6r\u00e4ldrar David Davidsen Dahl och Marthe Karine Knudsdatter som \u00e4ldsta barnet i en syskonskara av 9 barn. Hans mor dog redan n\u00e4r han var knappt 2 \u00e5r gammal. Strax efter konfirmationen endast 16 \u00e5r gammal emigrerade Carl till Kanada 1909. D\u00e4r drev han ett g\u00e5rdsbruk tills 1:a v\u00e4rldskriget br\u00f6t ut. Han anm\u00e4lde sig 1916 som frivillig till det nybildade skandinaviska regementet som 23-\u00e5ring och tog v\u00e4rvning i arm\u00e9n. Efter exercisutbildningen var dags f\u00f6r resa \u00f6ver atlanten till Europa. Han kom till England i maj m\u00e5nad 1917. D\u00e4r placerades han i ingenj\u00f6rsavdelningen som bl.a. hade till uppgift att bygga broar och s\u00e4tta upp taggtr\u00e5dshinder.<\/p>\n<p>Den svenska Canada Tidningen skrev i jan 1916 <em>\u201dSka Canada styras fr\u00e5n Ottawa eller Berlin?\u201d<\/em>\u00a0 Tv\u00e5 veckor senare skrev samma tidning att regeringen hade avslagit en beg\u00e4ran att uppr\u00e4tta en s\u00e4rskild enhet av <em>\u201dskandinavisk b\u00f6rd\u201d<\/em>. <a href=\"wp-content\/uploads\/2018\/07\/Carl_Dahl_6.jpg\"><img loading=\"lazy\" decoding=\"async\" class=\"alignright wp-image-4291 size-full\" src=\"https:\/\/sandbox.kvalevaag.se\/wp-content\/uploads\/2018\/07\/Carl_Dahl_5.jpg\" alt=\"\" width=\"300\" height=\"199\" \/><\/a>Dock fick en l\u00f6jtnant vid namn Fonseca till\u00e5telse att bilda ett regemente av skandinaver och utn\u00e4mndes samtidigt till \u00f6verstel\u00f6jtnant. Den 22 feb 1916 skrev \u00e5ter tidningen att nu hade man bildat den skandinaviska bataljonen och att rekryteringen var i full g\u00e5ng. Det gick inte s\u00e5 bra i b\u00f6rjan men till slut hade man tv\u00e5 bataljoner p\u00e5 vardera ca: 1000 man. 197 Infantry Battalion &#8221;Viking of Canada&#8221; &#8211; 223 Canadian-Scandinavian Overseas Battalion.<br \/>\nRegeringen i Ontario beslutade 29 augusti 1917 att inf\u00f6ra en v\u00e4rnpliktslag i Kanada. Detta ledde till v\u00e5ldsamma upplopp i Quebec. Liberala krafter var emot lagen, infekterade fr\u00e5gor om utsugning av den lilla kanadensiska folket i det brittiska imperiet pr\u00e4glade debatten. Befolkningen var endast p\u00e5 \u00e5tta miljoner m\u00e4nniskor, varf\u00f6r skulle Kanada skicka trupper med s\u00e5 liten befolkning. Trots protester inf\u00f6rdes v\u00e4rnplikten men kom aldrig att best\u00e5 med mer \u00e4n 20 procent av det totala antalet soldater i den kanadensiska armen.<br \/>\nKanadensarna hade bara n\u00e5gra veckor tr\u00e4ning bakom sig n\u00e4r de anl\u00e4nde till England. Britten generall\u00f6jtnant Edwin Alderson blev deras k\u00e5rchef. Alderson var en erfaren officer med sina kvalit\u00e9er inom trupp organisation och utbildning. Han fick snart de kanadensiska soldaterna v\u00e4ltr\u00e4nade och sk\u00e4rpta krigare. <img loading=\"lazy\" decoding=\"async\" class=\"alignleft size-full wp-image-4289\" src=\"https:\/\/sandbox.kvalevaag.se\/wp-content\/uploads\/2018\/07\/Carl_Dahl_3.jpg\" alt=\"\" width=\"600\" height=\"216\" srcset=\"https:\/\/sandbox.kvalevaag.se\/wp-content\/uploads\/2018\/07\/Carl_Dahl_3.jpg 600w, https:\/\/sandbox.kvalevaag.se\/wp-content\/uploads\/2018\/07\/Carl_Dahl_3-300x108.jpg 300w\" sizes=\"(max-width: 600px) 100vw, 600px\" \/><br \/>\n30 000 man blev skeppades till Belgien varav Carl och hans kompani fick till uppgift att bygga tr\u00e4broar \u00f6ver viktiga passager. Dessa tr\u00e4konstruktioner blev st\u00e4ndigt bombade av tyskarna vilket ledde till att de fick bygga p\u00e5 n\u00e4tterna. Carl och hans kompisar i f\u00f6rbandet var f\u00f6r det mesta f\u00f6rtrupper vilka uts\u00e4ttes f\u00f6r gasattacker. Tyskarna anv\u00e4nde t\u00e5rgas, den d\u00f6dliga senapsgasen och andra varianter som fosgen- och klorgas. D\u00f6dligheten av gasattacker blev begr\u00e4nsad, endast fyra procent av dem som dog i strid dog p\u00e5 grund av gas. I b\u00f6rjan av kriget fanns det inga gasmasker varf\u00f6r de anv\u00e4nde trasor som de bl\u00f6tte ner med urin. S\u00e5 en dag blev Carl och hans f\u00f6rband utsatt f\u00f6r en gasattack vilket gjorde att han hamnade p\u00e5 sjukhus. Snart utvecklades skydds\u00e5tg\u00e4rder t.ex. gasmasker. Carl tillfrisknade och kunde l\u00e4mna sjukhuset.<\/p>\n<p>Han \u00e5terv\u00e4nde till Norge och \u00c5kra 1923, med sig i bagaget hade han ett tackbrev fr\u00e5n kung Georg av England daterat 1918. D\u00e4r stod: <em>\u201dDrottningen och jag \u00f6nskar att Gud ger dig framg\u00e5ng i livet, en trygg resa till ett lyckligt hemmaliv och en snar b\u00e4ttring. Ett tacksamt moderland (England) tackar dig f\u00f6r en trofast tj\u00e4nst.\u201d\u00a0<img loading=\"lazy\" decoding=\"async\" class=\"alignright size-full wp-image-4288\" src=\"https:\/\/sandbox.kvalevaag.se\/wp-content\/uploads\/2018\/07\/Carl_Dahl_2.jpg\" alt=\"\" width=\"300\" height=\"169\" \/><\/em><\/p>\n<p><img loading=\"lazy\" decoding=\"async\" class=\"alignleft size-full wp-image-4301\" src=\"https:\/\/sandbox.kvalevaag.se\/wp-content\/uploads\/2018\/07\/Carl_Dahl_7.jpg\" alt=\"\" width=\"176\" height=\"170\" \/>S\u00e5 kom han hem igen efter alla \u00e4ventyr i Kanada och f\u00f6rsta v\u00e4rldskriget till \u00c5kra p\u00e5 Karm\u00f8y. D\u00e4r gifter han sig med Martha Kristina Endresen Stor\u00f8y 1924. De byggde ett hus p\u00e5 bruk nr 3 p\u00e5 Tj\u00f8svoll, fick \u00e5tta barn tillsammans, ett dog som liten endast 7 \u00e5r gammalt. De andra barnen \u00e4r Kaia Davida, Ragna Kristine, Dagny Laurine, Torhild Eleanor, Klara Marie, Gunvor och Govert.<br \/>\nCarl dog den 30 dec 1962, 69 \u00e5r gammal och Martha Kristine 22 okt 1974, 74 \u00e5r gammal, de ligger begravda p\u00e5 \u00c5kra gravplats.<\/p>\n<p>Allan Kvalevaag<br \/>\n2018-07-19<\/p>\n","protected":false},"excerpt":{"rendered":"<p>Carl f\u00f6ddes 12 maj 1893 p\u00e5 Tj\u00f8svoll i \u00c5kra, Rogaland av hans f\u00f6r\u00e4ldrar David Davidsen Dahl och Marthe Karine Knudsdatter som \u00e4ldsta barnet i en syskonskara av 9 barn. Hans mor dog redan n\u00e4r han var knappt 2 \u00e5r gammal. Strax efter konfirmationen endast 16 \u00e5r gammal emigrerade Carl till Kanada 1909. D\u00e4r drev han [&hellip;]<\/p>\n","protected":false},"author":1,"featured_media":0,"parent":16,"menu_order":0,"comment_status":"closed","ping_status":"closed","template":"","meta":{"_monsterinsights_skip_tracking":false,"_monsterinsights_sitenote_active":false,"_monsterinsights_sitenote_note":"","_monsterinsights_sitenote_category":0,"footnotes":""},"_links":{"self":[{"href":"https:\/\/sandbox.kvalevaag.se\/index.php?rest_route=\/wp\/v2\/pages\/4284"}],"collection":[{"href":"https:\/\/sandbox.kvalevaag.se\/index.php?rest_route=\/wp\/v2\/pages"}],"about":[{"href":"https:\/\/sandbox.kvalevaag.se\/index.php?rest_route=\/wp\/v2\/types\/page"}],"author":[{"embeddable":true,"href":"https:\/\/sandbox.kvalevaag.se\/index.php?rest_route=\/wp\/v2\/users\/1"}],"replies":[{"embeddable":true,"href":"https:\/\/sandbox.kvalevaag.se\/index.php?rest_route=%2Fwp%2Fv2%2Fcomments&post=4284"}],"version-history":[{"count":13,"href":"https:\/\/sandbox.kvalevaag.se\/index.php?rest_route=\/wp\/v2\/pages\/4284\/revisions"}],"predecessor-version":[{"id":9269,"href":"https:\/\/sandbox.kvalevaag.se\/index.php?rest_route=\/wp\/v2\/pages\/4284\/revisions\/9269"}],"up":[{"embeddable":true,"href":"https:\/\/sandbox.kvalevaag.se\/index.php?rest_route=\/wp\/v2\/pages\/16"}],"wp:attachment":[{"href":"https:\/\/sandbox.kvalevaag.se\/index.php?rest_route=%2Fwp%2Fv2%2Fmedia&parent=4284"}],"curies":[{"name":"wp","href":"https:\/\/api.w.org\/{rel}","templated":true}]}}