{"id":56,"date":"2014-03-22T12:17:35","date_gmt":"2014-03-22T12:17:35","guid":{"rendered":"http:\/\/www.kvalevaag.se\/?page_id=56"},"modified":"2022-06-18T13:13:39","modified_gmt":"2022-06-18T13:13:39","slug":"slaktforska-i-danmark","status":"publish","type":"page","link":"https:\/\/sandbox.kvalevaag.se\/?page_id=56","title":{"rendered":"Sl\u00e4ktforska i Danmark"},"content":{"rendered":"<figure id=\"attachment_2526\" aria-describedby=\"caption-attachment-2526\" style=\"width: 300px\" class=\"wp-caption alignright\"><a href=\"https:\/\/sandbox.kvalevaag.se\/popup\/amt_den.htm\" target=\"_blank\" rel=\"noopener noreferrer\"><img loading=\"lazy\" decoding=\"async\" class=\"wp-image-2526 size-full\" src=\"https:\/\/sandbox.kvalevaag.se\/wp-content\/uploads\/2014\/03\/Danmark.jpg\" alt=\"\" width=\"300\" height=\"308\" srcset=\"https:\/\/sandbox.kvalevaag.se\/wp-content\/uploads\/2014\/03\/Danmark.jpg 300w, https:\/\/sandbox.kvalevaag.se\/wp-content\/uploads\/2014\/03\/Danmark-292x300.jpg 292w\" sizes=\"(max-width: 300px) 100vw, 300px\" \/><\/a><figcaption id=\"caption-attachment-2526\" class=\"wp-caption-text\">Klicka p\u00e5 kartan f\u00f6r amtindelning. V\u00e4lj sedan amt ni \u00f6nskar mer information om.<\/figcaption><\/figure>\n<p><img loading=\"lazy\" decoding=\"async\" class=\"alignleft size-full wp-image-9479\" src=\"https:\/\/sandbox.kvalevaag.se\/wp-content\/uploads\/2022\/06\/DK_Flagg.jpg\" alt=\"\" width=\"48\" height=\"32\" \/>F\u00f6r de som s\u00f6ker sina r\u00f6tter i Danmark finns det mycket att erbjuda. Redan under 1500-talet b\u00f6rjade man f\u00f6ra kyrkobok \u00f6ver sina f\u00f6rsamlingsmedlemmar. Det var dock f\u00f6rst 1646 som kung Christian IV best\u00e4mde att kyrkob\u00f6cker skulle f\u00f6ras i hela Danmark. M\u00e5nga kyrkob\u00f6cker har f\u00f6rsvunnit i br\u00e4nder, fukt eller upp\u00e4tna av m\u00f6ss och r\u00e5ttor. De som finns kvar g\u00e5r att s\u00f6ka p\u00e5 <strong><a href=\"https:\/\/www.sa.dk\/content\/dk\/ao-forside\/find_kirkeboger\" target=\"_blank\" rel=\"noopener noreferrer\">Arkivalieronline<\/a><\/strong>\u00a0hos \u00a0Statens Arkiver. DIS-Danmnark har tagit fram ett pdf dokument f\u00f6r nyb\u00f6rjare &#8221;<a href=\"https:\/\/sandbox.kvalevaag.se\/images\/pdf\/Hjaelp_til_nybegyndere_i_slaegtsforskningen.pdf\" target=\"_blank\" rel=\"noopener\"><strong><em>Hj\u00e6lp til nybegyndere i sl\u00e6gtsforskning<\/em><\/strong><\/a>&#8221; den inneh\u00e5ller allt du beh\u00f6ver veta f\u00f6r att komma ig\u00e5ng.<\/p>\n<p>Fram till 1812 inneh\u00f6ll kyrkob\u00f6ckerna blanka sidor d\u00e4r pr\u00e4sten sj\u00e4lv skrev rubriker och inf\u00f6rde dop, konfirmation, vigslar och begravningar. Det inneb\u00e4r att dessa b\u00f6cker ser olika ut och kan vara sv\u00e5rl\u00e4sta. Efter 1813 inf\u00f6rdes f\u00f6rtryckta rubriker och kolumner. D\u00e5 best\u00e4mdes det att kyrkob\u00f6cker skulle uppr\u00e4ttas i tv\u00e5 exemplar, huvudministerialbok och en kopia, kontraministerialbok. Den f\u00f6rsta f\u00f6rde pr\u00e4sten, den andra en kontorist eller t.ex. en l\u00e4rare. Dessa b\u00e5da b\u00f6cker fick inte f\u00f6rvaras p\u00e5 samma plats. S\u00e5 f\u00f6rblev det fram till 2003 d\u00e5 allt digitaliserades.<\/p>\n<p>In- och utflyttningsl\u00e4ngderna fr\u00e5n 1812-1875 \u00e4r ocks\u00e5 en bra k\u00e4lla. Tyv\u00e4rr st\u00e5r det inte alltid vart man flyttade ifr\u00e5n vilket ibland g\u00f6r det sv\u00e5rt att finna f\u00f6delseplats. Eller motsvarande vart man flyttade till. Oftast skedde in- och utflyttning till omgivande socknar.<\/p>\n<p>Det kan vara bra att k\u00e4nna till i vilken socken\/amt som ens anf\u00e4der tillh\u00f6rde. Vet ni socken anv\u00e4nd denna sida f\u00f6r <strong><a href=\"https:\/\/www.sognetraef.dk\/\" target=\"_blank\" rel=\"noopener\">Kunskapsbank f\u00f6r sl\u00e4ktforskare och lokal historiker<\/a><\/strong>. D\u00e4r f\u00e5r ni fram h\u00e4rad och amt. Tillsammans med kyrkob\u00f6cker, folkr\u00e4kningar och bouppteckningar finns stora m\u00f6jligheter att finna svar. K\u00e4nner man bara till ungef\u00e4r n\u00e4r en person avlidet och namnet p\u00e5 f\u00f6rsamlingen \u00e4r kyrkob\u00f6ckerna och bouppteckningar de b\u00e4sta k\u00e4llorna. Bouppteckningen \u00e4r en intressant k\u00e4lla n\u00e4r det g\u00e4ller efterlevande barn, syskon eller andra n\u00e4ra sl\u00e4ktingar. Har man d\u00e4remot bara en ungef\u00e4rlig tid eller plats, ska man b\u00f6rja med folket\u00e6llingerne (folkr\u00e4kningarna). Den \u00e4ldsta folkr\u00e4kningen \u00e4r fr\u00e5n 1787, h\u00e4r finns uppgifter om namn, k\u00f6n, \u00e5lder, bostad, gifterm\u00e5l, yrke, mottagare av fattighj\u00e4lp m.m. Dock var det inv\u00e5narna p\u00e5 platsen som sj\u00e4lva l\u00e4mnade uppgifter d\u00e4rf\u00f6r kan dessa vara felaktiga. Folkr\u00e4kningarna fr\u00e5n 1845 och 1850 inf\u00f6rdes \u00e4ven i vilken socken personen var f\u00f6dd och om han\/hon var handikappad. \u00a01855-1890 inf\u00f6rdes religionstillh\u00f6righet, 1890 b\u00f6rjade kvinnorna anv\u00e4nda sina makars efternamn. Folkr\u00e4kningen fr\u00e5n 1906 f\u00e5r man f\u00f6delsedatum och 1916 inf\u00f6rdes inkomst och f\u00f6rm\u00f6genhet.<\/p>\n<p>Vill ni i s\u00f6ka sj\u00e4lv, g\u00e5 direkt till\u00a0<strong><a href=\"https:\/\/www.slaegtogdata.dk\/\" target=\"_blank\" rel=\"noopener noreferrer\">DIS-Danmark<\/a><\/strong>. Sen kan ni t.ex. p\u00e5\u00a0<strong><a href=\"https:\/\/ddd.dda.dk\/\" target=\"_blank\" rel=\"noopener noreferrer\">DDD Dansk Demografisk Database<\/a><\/strong>\u00a0s\u00f6ka efter respektive person i deras databaser. H\u00e4r kan ni \u00e4ven s\u00f6ka p\u00e5 <a href=\"https:\/\/ddd.dda.dk\/immibas\/immibas1.asp\" target=\"_blank\" rel=\"noopener noreferrer\"><strong>invandrade personer<\/strong><\/a> i tre kategorier, Arbejdsophold 1812-1924,\u00a0Indf\u00f8dsretstildeling 1776 &#8211; 1960 och\u00a0Udviste 1875 &#8211; 1919. <strong>OBS!<\/strong> att de kvinnor som gifte sig med en dansk man automatiskt fick danskt medborgarskap inte finns med i databasen.<\/p>\n<p>En annan k\u00e4lla \u00e4r <a href=\"https:\/\/www.politietsregisterblade.dk\/\" target=\"_blank\" rel=\"noopener noreferrer\"><strong>polisens registerblad<\/strong><\/a> f\u00f6r K\u00f6penhamn d\u00e4r alla boende under tiden 1890-1923 skulle informera polisen n\u00e4r man flyttade. K\u00f6penhamn var och \u00e4r en stor stad, en karta kan hj\u00e4lpa till med orienteringen.\u00a0M\u00e5nga kommuner, bibliotek eller organisationer hj\u00e4lper g\u00e4rna till med att ta fram uppgifter. Danmark har flera lokalarkiv att s\u00f6ka i. Ni finner dem under en <strong><a href=\"https:\/\/www.danskearkiver.dk\/\" target=\"_blank\" rel=\"noopener noreferrer\">Sammanslutning f\u00f6r lokalarkiven<\/a><\/strong>. Bara att s\u00e4tta ig\u00e5ng och sl\u00e4ktforska, lycka till!<\/p>\n<p>Allan Kvalevaag<br \/>\n2021-10-25<\/p>\n","protected":false},"excerpt":{"rendered":"<p>F\u00f6r de som s\u00f6ker sina r\u00f6tter i Danmark finns det mycket att erbjuda. Redan under 1500-talet b\u00f6rjade man f\u00f6ra kyrkobok \u00f6ver sina f\u00f6rsamlingsmedlemmar. Det var dock f\u00f6rst 1646 som kung Christian IV best\u00e4mde att kyrkob\u00f6cker skulle f\u00f6ras i hela Danmark. M\u00e5nga kyrkob\u00f6cker har f\u00f6rsvunnit i br\u00e4nder, fukt eller upp\u00e4tna av m\u00f6ss och r\u00e5ttor. De som [&hellip;]<\/p>\n","protected":false},"author":1,"featured_media":0,"parent":12,"menu_order":0,"comment_status":"closed","ping_status":"closed","template":"","meta":{"_monsterinsights_skip_tracking":false,"_monsterinsights_sitenote_active":false,"_monsterinsights_sitenote_note":"","_monsterinsights_sitenote_category":0,"footnotes":""},"_links":{"self":[{"href":"https:\/\/sandbox.kvalevaag.se\/index.php?rest_route=\/wp\/v2\/pages\/56"}],"collection":[{"href":"https:\/\/sandbox.kvalevaag.se\/index.php?rest_route=\/wp\/v2\/pages"}],"about":[{"href":"https:\/\/sandbox.kvalevaag.se\/index.php?rest_route=\/wp\/v2\/types\/page"}],"author":[{"embeddable":true,"href":"https:\/\/sandbox.kvalevaag.se\/index.php?rest_route=\/wp\/v2\/users\/1"}],"replies":[{"embeddable":true,"href":"https:\/\/sandbox.kvalevaag.se\/index.php?rest_route=%2Fwp%2Fv2%2Fcomments&post=56"}],"version-history":[{"count":13,"href":"https:\/\/sandbox.kvalevaag.se\/index.php?rest_route=\/wp\/v2\/pages\/56\/revisions"}],"predecessor-version":[{"id":9498,"href":"https:\/\/sandbox.kvalevaag.se\/index.php?rest_route=\/wp\/v2\/pages\/56\/revisions\/9498"}],"up":[{"embeddable":true,"href":"https:\/\/sandbox.kvalevaag.se\/index.php?rest_route=\/wp\/v2\/pages\/12"}],"wp:attachment":[{"href":"https:\/\/sandbox.kvalevaag.se\/index.php?rest_route=%2Fwp%2Fv2%2Fmedia&parent=56"}],"curies":[{"name":"wp","href":"https:\/\/api.w.org\/{rel}","templated":true}]}}