{"id":71,"date":"2014-03-22T12:23:03","date_gmt":"2014-03-22T12:23:03","guid":{"rendered":"http:\/\/www.kvalevaag.se\/?page_id=71"},"modified":"2022-06-18T13:17:29","modified_gmt":"2022-06-18T13:17:29","slug":"slaktforska-i-tyskland","status":"publish","type":"page","link":"https:\/\/sandbox.kvalevaag.se\/?page_id=71","title":{"rendered":"Sl\u00e4ktforska i Tyskland"},"content":{"rendered":"<p><a href=\"wp-content\/uploads\/2021\/04\/Tyskland_big.jpg\"><img loading=\"lazy\" decoding=\"async\" class=\"alignright wp-image-8656 size-full\" style=\"border: 0px;\" src=\"https:\/\/sandbox.kvalevaag.se\/wp-content\/uploads\/2021\/04\/Tyskland_small.jpg\" alt=\"\" width=\"255\" height=\"300\" \/><\/a><img loading=\"lazy\" decoding=\"async\" class=\"alignleft size-full wp-image-9478\" src=\"https:\/\/sandbox.kvalevaag.se\/wp-content\/uploads\/2022\/06\/DE_Flagg.jpg\" alt=\"\" width=\"53\" height=\"32\" \/>Det \u00e4r betydligt besv\u00e4rligare att sl\u00e4ktforska i Tyskland. Ofta beh\u00f6vs det bra lokala kontakter d\u00e4r man k\u00e4nner till n\u00e5gra av sina sl\u00e4ktingar eller grupper av sl\u00e4ktforskare. Ett bra s\u00e4tt \u00e4r att f\u00f6rs\u00f6k med brev p\u00e5 tyska direkt till den f\u00f6rsamling ni s\u00f6ker personer. L\u00e4gga g\u00e4rna med ett frankerat svarsbrev s\u00e5 ska ni se att de hj\u00e4lper till.<\/p>\n<p>Det har b\u00f6rjat bli enklare att komma \u00e5t tyska k\u00e4llor. Tv\u00e5 bra plattformar att anv\u00e4nda \u00e4r:<\/p>\n<ul>\n<li><strong><a href=\"https:\/\/www.compgen.de\" target=\"_blank\" rel=\"noopener\">CompGens<\/a><\/strong> med mycket inneh\u00e5ll. Det \u00e4r gratis att anv\u00e4nda f\u00f6r sl\u00e4ktforskning. Det g\u00e5r bra att anv\u00e4nda deras <a href=\"https:\/\/www.compgen.de\/projektdatenbanken\/\" target=\"_blank\" rel=\"noopener\"><strong>projektdatabas<\/strong><\/a> som inneh\u00e5ller allt fr\u00e5n annonser, gravstenar, Historiska adressb\u00f6cker, Listor \u00f6ver f\u00f6rluster fr\u00e5n f\u00f6rsta v\u00e4rldskriget m.m. Just gravstenar kan var till stor hj\u00e4lp. Enklast \u00e4r att s\u00f6ka via deras kartfunktion och hoppas att just den kyrkog\u00e5rden \u00e4r avfotograferad.<\/li>\n<li><a href=\"https:\/\/www.icar-us.eu\/\" target=\"_blank\" rel=\"noopener\"><strong>ICARUS<\/strong><\/a>, ett internationellt projekt som str\u00e4cker sig \u00f6ver 34 europeiska l\u00e4nder men \u00e4ven USA och Kanada. En av tj\u00e4nsterna \u00e4r <a href=\"https:\/\/data.matricula-online.eu\/de\/\" target=\"_blank\" rel=\"noopener\"><strong>Matricula Online,<\/strong><\/a> d\u00e4r det finns s\u00f6kfunktioner med hj\u00e4lp av karta. En bra s\u00f6kfunktion d\u00e4r kyrkob\u00f6ckerna \u00e4r avfotograferade av privata initiativ.<\/li>\n<\/ul>\n<p><a href=\"https:\/\/www.g-gruppen.net\/\" target=\"_blank\" rel=\"noopener noreferrer\"><strong>G-Gruppen<\/strong> <\/a>en f\u00f6rening som har till m\u00e5l att bilda n\u00e4tverk med enskilda forskare och f\u00f6reningar runt \u00d6stersj\u00f6n omr\u00e5det.<\/p>\n<p>Som medlem i G-gruppen f\u00e5r man tillg\u00e5ng till skrivst\u00f6d p\u00e5 tyska f\u00f6r att efterforska sina sl\u00e4ktingar. F\u00e4rdiga formul\u00e4r skapar brev att s\u00e4nda till Tyskland. Se deras 10 punktlista, en \u00f6versikt om tysk sl\u00e4ktforskning.<\/p>\n<p>Antalet officiella sidor att bes\u00f6ka \u00e4r inte lika stort i Tyskland som i norden. M\u00e5nga sl\u00e4kter v\u00e4ljer att presentera sitt material p\u00e5 egna sidor. S\u00e5 det \u00e4r bara att b\u00f6rja leta. Se mer under <a href=\"https:\/\/sandbox.kvalevaag.se\/?page_id=1122\"><strong>l\u00e4nkar<\/strong><\/a>.<\/p>\n<p>Allan Kvalevaag<br \/>\n2021-04-19<\/p>\n","protected":false},"excerpt":{"rendered":"<p>Det \u00e4r betydligt besv\u00e4rligare att sl\u00e4ktforska i Tyskland. Ofta beh\u00f6vs det bra lokala kontakter d\u00e4r man k\u00e4nner till n\u00e5gra av sina sl\u00e4ktingar eller grupper av sl\u00e4ktforskare. Ett bra s\u00e4tt \u00e4r att f\u00f6rs\u00f6k med brev p\u00e5 tyska direkt till den f\u00f6rsamling ni s\u00f6ker personer. L\u00e4gga g\u00e4rna med ett frankerat svarsbrev s\u00e5 ska ni se att de [&hellip;]<\/p>\n","protected":false},"author":1,"featured_media":0,"parent":12,"menu_order":0,"comment_status":"closed","ping_status":"closed","template":"","meta":{"_monsterinsights_skip_tracking":false,"_monsterinsights_sitenote_active":false,"_monsterinsights_sitenote_note":"","_monsterinsights_sitenote_category":0,"footnotes":""},"_links":{"self":[{"href":"https:\/\/sandbox.kvalevaag.se\/index.php?rest_route=\/wp\/v2\/pages\/71"}],"collection":[{"href":"https:\/\/sandbox.kvalevaag.se\/index.php?rest_route=\/wp\/v2\/pages"}],"about":[{"href":"https:\/\/sandbox.kvalevaag.se\/index.php?rest_route=\/wp\/v2\/types\/page"}],"author":[{"embeddable":true,"href":"https:\/\/sandbox.kvalevaag.se\/index.php?rest_route=\/wp\/v2\/users\/1"}],"replies":[{"embeddable":true,"href":"https:\/\/sandbox.kvalevaag.se\/index.php?rest_route=%2Fwp%2Fv2%2Fcomments&post=71"}],"version-history":[{"count":9,"href":"https:\/\/sandbox.kvalevaag.se\/index.php?rest_route=\/wp\/v2\/pages\/71\/revisions"}],"predecessor-version":[{"id":9502,"href":"https:\/\/sandbox.kvalevaag.se\/index.php?rest_route=\/wp\/v2\/pages\/71\/revisions\/9502"}],"up":[{"embeddable":true,"href":"https:\/\/sandbox.kvalevaag.se\/index.php?rest_route=\/wp\/v2\/pages\/12"}],"wp:attachment":[{"href":"https:\/\/sandbox.kvalevaag.se\/index.php?rest_route=%2Fwp%2Fv2%2Fmedia&parent=71"}],"curies":[{"name":"wp","href":"https:\/\/api.w.org\/{rel}","templated":true}]}}