{"id":775,"date":"2014-04-01T18:00:53","date_gmt":"2014-04-01T18:00:53","guid":{"rendered":"http:\/\/www.kvalevaag.se\/?page_id=775"},"modified":"2022-06-06T17:04:35","modified_gmt":"2022-06-06T17:04:35","slug":"kung-augvald","status":"publish","type":"page","link":"https:\/\/sandbox.kvalevaag.se\/?page_id=775","title":{"rendered":"Kung Augvald"},"content":{"rendered":"<p><strong>Kung Augvald<\/strong><br \/>\nAvaldsnes (Ogvaldsnes) har f\u00e5tt namn efter folkvandringskungen Augvald som levde omkring 600 e.kr namnet betyder &#8221;den som h\u00e5ller folk i age&#8221;. Andra tolkningar av namnet \u00e4r &#8221;kustens v\u00e4ktare&#8221; eller &#8221;\u00f6ns v\u00e4ktare&#8221;. Namnet m\u00e5ste i s\u00e5 fall ursprungligen ha varit Ogdvald eller Ognvald. Det finns ocks\u00e5 tankar om att Ogvald inte \u00e4r ett personnamn utan en titel som flera kan ha haft. Det ber\u00e4ttas om Augvald i Flateyjarbok, i &#8221;Sagan om Halv och Halvsrekkene&#8221; och i Olav Tryggvasons saga. Augvald h\u00e4rstammar fr\u00e5n urjotnen Fornjot som de vestlandske kunga\u00e4tter r\u00e4knar som sin stamfar. Hans namn h\u00e4rstammar fr\u00e5n avgudan av Oden. Augvald kallas f\u00f6r \u00e4ttlingen till gudarna och f\u00f6rfadern till kungar. Augvald \u00e4r omn\u00e4mnd i flera skrivna k\u00e4llor.<\/p>\n<p>I sagan om Kung Olav Tryggvason kan man l\u00e4sa att kung Olav en natt fick bes\u00f6k av en gammal en\u00f6gd man, som var Oden sj\u00e4lv. Det var denna bes\u00f6kare som ber\u00e4ttade f\u00f6r kung Olav om legenden om Kung Augvald och att han regerat \u00f6ver Avaldsnes tidigare. Kung Augvald var son till Rognvald, son till Rugalf, son till Gard Agde som var son till Nor som kom fr\u00e5n Gotland. Augvald hade fr\u00e5n b\u00f6rjan sitt huvuds\u00e4te p\u00e5 Roga i J\u00f6sursheid mellan Rogaland och Telemark. Han var d\u00e5 kung \u00f6ver ett omr\u00e5de som str\u00e4ckte sig fr\u00e5n J\u00f6sursheid i Hjemeland till Brunkeberg och Fyrsedal. Genom sj\u00f6slag lyckades han f\u00f6rdriva folk fr\u00e5n \u00f6n Kromt d\u00e4r han slog sig ned och grundade staden Augvaldsnes. En g\u00e5ng n\u00e4r Augvald var p\u00e5 jakt f\u00f6dde hans drottning en son som fick namnet J\u00f6sur. Denna son uppfostrades av Gunnvald Stordajarl. Kung Augvald var en krigare som for till fr\u00e4mmande l\u00e4nder och vann rikedom och \u00e4ra. Augvald var en stor krigare och sj\u00f6farare, som offrade (blotat) till en helig ko som han tog med \u00f6verallt han for. Det s\u00e4gs att kon hette Audhumla och bar en guldkalv runt halsen. Augvald sa att hans ko gav honom segrar och att mj\u00f6lka henne gav honom livskraft och styrka. Han hade ocks\u00e5 tv\u00e5 d\u00f6ttrar (sk\u00f6ldm\u00f6ar) som slogs sida vid sida med sin far vid varje slag. Augvald, hans heliga ko och tv\u00e5 krigard\u00f6ttrar dog i slaget mot kung Ferking som regerade \u00f6ver v\u00e4stra Karm\u00f6.<\/p>\n<p>D\u00f6ttrarna begravdes vid Ferkingstad, men Augvald och hans heliga ko f\u00f6rdes hem till Avaldsnes f\u00f6r att begravas i varsin gravh\u00f6g. Kung Olav Tryggvason unders\u00f6kte sj\u00e4lv grvh\u00f6garna. I en av dem hittade han ett m\u00e4nskligt skelett och i den andra ett fr\u00e5n en ko. Snorre Sturlasson kallar Augvalds baneman f\u00f6r Varin. Men i sagan om &#8221;Halv och Halvsrekkene&#8221; f\u00e5r H\u00e6kling \u00e4ran f\u00f6r att ha d\u00f6dat Augvald. P\u00e5 Karm\u00f6 knytts historia om Augvald samman med den gamla sagan om Kung Ferking p\u00e5 Ferkingstad. Namnet Ferking\/Farking \u00e4r troligen en titel som betyder farande herre eller farande k\u00f6pman. P\u00e5 Ferkingstad finns d\u00e4r arkeologiska sp\u00e5r av rester fr\u00e5n en byggnad som kallas Kungsborgen. Boplatsen \u00e4r daterad till ca 400 &#8211; 500 e. Kr. Biskop Neuman skrev \u00e5r 1837 om boplatsen &#8221;hvad Tiden har levnet os af Hedenolds Kraft og herlighet&#8221;. S\u00e4gnerna talar om att kungsborgen h\u00e4rjades av brand p\u00e5 600-talet. Senare byggde sonen Fartegn en g\u00e5rd p\u00e5 st\u00e4llet. D\u00e4rf\u00f6r \u00e4r sonen i olika s\u00e4gner ocks\u00e5 f\u00f6rknippad med namnet Ferking. Det \u00e4r sv\u00e5rt att veta vem av far och son som namnet Kung Ferking menas. Farking var en sj\u00f6kung som bodde p\u00e5 v\u00e4stra sidan av Karm\u00f6.<\/p>\n<p>Farking hade ett stort stenhus som kallades kungsborgen. I n\u00e4rheten av kungsg\u00e5rden hade han l\u00e5tit bygga en stor festsal d\u00e4r 500 m\u00e4nniskor kunde dansa. Farking hade mycket folk och beh\u00f6vde mycket mat. Han kapade d\u00e4rf\u00f6r skeppslaster. Det s\u00e4gs att Farking som var en modig man alltid vann en strid. Han tog m\u00e5nga skatter med sig hem fr\u00e5n sina slag. Det finaste s\u00e4gs vara drottningens p\u00e4rlor. Kung Augvald och Kung Farking blev ov\u00e4nner p\u00e5 ett blotningsgille p\u00e5 Farkingstad. Det var midvinterblotet och Augvald kom med sina d\u00f6ttrar och mycket folk. De b\u00e5da kungarna blev ov\u00e4nner och Augvald \u00e5kte hem. Det blev krig med m\u00e5nga slag som slutade oavgjort. Sista slaget mellan de b\u00e5da kom att st\u00e5 p\u00e5 Stavaslettene. Augvald fick en sonson som hette Hj\u00f8r som fick en son som hette Hj\u00f8rleiv den kvinnok\u00e4ra. En av han fruar var Hild fr\u00e5n M\u00f8re. Men henne fick Hj\u00f8rleiv sonen Halv. N\u00e4r Halv var tolv \u00e5r gammal samlade han de 60 b\u00e4sta krigarna fr\u00e5n elva olika fylken. Dessa m\u00e4n seglade som vikingar p\u00e5 haven i 18 \u00e5r. De var legendariska sj\u00f6farare som aldrig s\u00f6kte hamn i stormigt v\u00e4der. De slogs med korta sv\u00e4rd f\u00f6r att komma s\u00e5 n\u00e4ra inp\u00e5 fienden som m\u00f6jligt. Det s\u00e4gs om Halv och hans krigare att de aldrig attackerade kvinnor eller barn. Halv f\u00f6rbj\u00f6d sina m\u00e4n att behandla kvinnor p\u00e5 ett kr\u00e4nkande s\u00e4tt. I sagan om Halv kan vi l\u00e4sa: Halv s\u00e5g eg svinga sverd tvehendes. Skjoldlaus gjekk h\u00e6ve fyrsten Hevare h\u00e6rmann, hugprydare, vert ikkje funnen vide om land. S\u00e5g Halv svinga sin egg med tv\u00e5 h\u00e4nder Sk\u00f6ldl\u00f6s slogs h\u00e4rens man Vackrare godhj\u00e4rtad \u00e4ttling och kommer aldrig mera att finnas (egen \u00f6vers\u00e4ttning).<\/p>\n<p>Kung Halv dog omkring \u00e5r 750 e. Kr. En av Karm\u00f6s skeppsgravar har med C-14 metoden dateras till samma tidsperiod. I denna l\u00e5g en h\u00f6vding i ett 25 m l\u00e5ngt skepp. De rikliga begravningars g\u00e5vorna vitnar om n\u00e4ra kontakt med frankerna. Kanske fanns det s\u00e4ndebud fr\u00e5n frankernas kung. Man vet att Karl den store eller hans far Karl Martell, bes\u00f6kte Avaldsnes vid vikingatidens b\u00f6rjan f\u00f6r att skaffa sig en allierad mot den danske kungen. Harald H\u00e5rfager var den kung som enade Norge till ett rike efter att ha besegrat flera sm\u00e5kungar i sj\u00f6slaget vid Hafrsfjord ca 870. Efter detta slag anlade han sin kungsg\u00e5rd p\u00e5 Avaldsnes och hade d\u00e4r sitt huvuds\u00e4te. Han regerade 865 till 933. Forskning pekar p\u00e5 att Harald H\u00e5rfager var fr\u00e5n v\u00e4stlandet och s\u00e4kerligen v\u00e4xte upp n\u00e5gonstans mellan Karm\u00f6 och Bergen, troligen p\u00e5 Avaldsnes. Haralds far anges vara fylkeskungen Halvdan Svarte. Harald H\u00e5rfagers mor Ragnhild och var s\u00e4kerligen dotter till sagokungen Harald Guldsk\u00e4gg. Haralds kungsg\u00e5rdar l\u00e5g i Rogaland eller Hordaland. Andra omr\u00e5den i landet styrdes av Jarlar p\u00e5 Haralds uppdrag. I en s\u00e4gen kan man l\u00e4sa: Jag trodde du k\u00e4nde kungen som bor p\u00e5 Kormt, Kungen \u00f6ver alla Norrm\u00e4n (egen \u00f6vers\u00e4ttning) S\u00e4gnerna s\u00e4ger att Harald var v\u00e4ldigt l\u00e5ng och stark, vacker och klok. Han var hyllad av sitt folk, m\u00e5nga fruar och barn bland dessa var Gyda fr\u00e5n Hordaland och prinsessan Ragnhild av Danmark.<\/p>\n<p>F\u00f6r er som vill l\u00e4sa mer <a href=\"https:\/\/www.fornjot.se\/norgeby.htm\" target=\"_blank\" rel=\"noopener\">klicka h\u00e4r<\/a>.<br \/>\nAllan Kvalevaag<br \/>\n2021-04-24<\/p>\n","protected":false},"excerpt":{"rendered":"<p>Kung Augvald Avaldsnes (Ogvaldsnes) har f\u00e5tt namn efter folkvandringskungen Augvald som levde omkring 600 e.kr namnet betyder &#8221;den som h\u00e5ller folk i age&#8221;. Andra tolkningar av namnet \u00e4r &#8221;kustens v\u00e4ktare&#8221; eller &#8221;\u00f6ns v\u00e4ktare&#8221;. Namnet m\u00e5ste i s\u00e5 fall ursprungligen ha varit Ogdvald eller Ognvald. Det finns ocks\u00e5 tankar om att Ogvald inte \u00e4r ett personnamn [&hellip;]<\/p>\n","protected":false},"author":2,"featured_media":0,"parent":80,"menu_order":0,"comment_status":"closed","ping_status":"closed","template":"","meta":{"_monsterinsights_skip_tracking":false,"_monsterinsights_sitenote_active":false,"_monsterinsights_sitenote_note":"","_monsterinsights_sitenote_category":0,"footnotes":""},"_links":{"self":[{"href":"https:\/\/sandbox.kvalevaag.se\/index.php?rest_route=\/wp\/v2\/pages\/775"}],"collection":[{"href":"https:\/\/sandbox.kvalevaag.se\/index.php?rest_route=\/wp\/v2\/pages"}],"about":[{"href":"https:\/\/sandbox.kvalevaag.se\/index.php?rest_route=\/wp\/v2\/types\/page"}],"author":[{"embeddable":true,"href":"https:\/\/sandbox.kvalevaag.se\/index.php?rest_route=\/wp\/v2\/users\/2"}],"replies":[{"embeddable":true,"href":"https:\/\/sandbox.kvalevaag.se\/index.php?rest_route=%2Fwp%2Fv2%2Fcomments&post=775"}],"version-history":[{"count":1,"href":"https:\/\/sandbox.kvalevaag.se\/index.php?rest_route=\/wp\/v2\/pages\/775\/revisions"}],"predecessor-version":[{"id":8759,"href":"https:\/\/sandbox.kvalevaag.se\/index.php?rest_route=\/wp\/v2\/pages\/775\/revisions\/8759"}],"up":[{"embeddable":true,"href":"https:\/\/sandbox.kvalevaag.se\/index.php?rest_route=\/wp\/v2\/pages\/80"}],"wp:attachment":[{"href":"https:\/\/sandbox.kvalevaag.se\/index.php?rest_route=%2Fwp%2Fv2%2Fmedia&parent=775"}],"curies":[{"name":"wp","href":"https:\/\/api.w.org\/{rel}","templated":true}]}}