{"id":9086,"date":"2022-01-13T13:04:46","date_gmt":"2022-01-13T13:04:46","guid":{"rendered":"https:\/\/www.kvalevaag.se\/?page_id=9086"},"modified":"2022-01-13T13:04:46","modified_gmt":"2022-01-13T13:04:46","slug":"ovriga-lander","status":"publish","type":"page","link":"https:\/\/sandbox.kvalevaag.se\/?page_id=9086","title":{"rendered":"\u00d6vriga l\u00e4nder"},"content":{"rendered":"<p>Sl\u00e4ktforskning breddas hela tiden, nya l\u00e4nder dit emigranter s\u00f6kte sig ut\u00f6kas st\u00e4ndigt. Kanada, Australien, Nya Zealand, Brasilien, Syd Afrika, Frankrike, Storbritannien, med flera.<br \/>\nListan kan g\u00f6ras l\u00e5ng. Har valt att ha en egen sida f\u00f6r all den nya kunskapen som dyker upp med intressanta l\u00e4nkar. V\u00e5r gemensamma sl\u00e4ktforskning blir mer omfattande f\u00f6r varje \u00e5r som g\u00e5r. Nya databaser med s\u00f6km\u00f6jligheter \u00f6ppnas upp st\u00e4ndigt.<br \/>\nHar valt att inte ha separata l\u00e4nder f\u00f6r dessa l\u00e4nkar utan samlar dem under en sida.<br \/>\nAllan Kvalevaag<br \/>\n2022-01-13<\/p>\n","protected":false},"excerpt":{"rendered":"<p>Sl\u00e4ktforskning breddas hela tiden, nya l\u00e4nder dit emigranter s\u00f6kte sig ut\u00f6kas st\u00e4ndigt. Kanada, Australien, Nya Zealand, Brasilien, Syd Afrika, Frankrike, Storbritannien, med flera. Listan kan g\u00f6ras l\u00e5ng. Har valt att ha en egen sida f\u00f6r all den nya kunskapen som dyker upp med intressanta l\u00e4nkar. V\u00e5r gemensamma sl\u00e4ktforskning blir mer omfattande f\u00f6r varje \u00e5r som [&hellip;]<\/p>\n","protected":false},"author":1,"featured_media":0,"parent":0,"menu_order":0,"comment_status":"closed","ping_status":"closed","template":"","meta":{"_monsterinsights_skip_tracking":false,"_monsterinsights_sitenote_active":false,"_monsterinsights_sitenote_note":"","_monsterinsights_sitenote_category":0,"footnotes":""},"_links":{"self":[{"href":"https:\/\/sandbox.kvalevaag.se\/index.php?rest_route=\/wp\/v2\/pages\/9086"}],"collection":[{"href":"https:\/\/sandbox.kvalevaag.se\/index.php?rest_route=\/wp\/v2\/pages"}],"about":[{"href":"https:\/\/sandbox.kvalevaag.se\/index.php?rest_route=\/wp\/v2\/types\/page"}],"author":[{"embeddable":true,"href":"https:\/\/sandbox.kvalevaag.se\/index.php?rest_route=\/wp\/v2\/users\/1"}],"replies":[{"embeddable":true,"href":"https:\/\/sandbox.kvalevaag.se\/index.php?rest_route=%2Fwp%2Fv2%2Fcomments&post=9086"}],"version-history":[{"count":1,"href":"https:\/\/sandbox.kvalevaag.se\/index.php?rest_route=\/wp\/v2\/pages\/9086\/revisions"}],"predecessor-version":[{"id":9087,"href":"https:\/\/sandbox.kvalevaag.se\/index.php?rest_route=\/wp\/v2\/pages\/9086\/revisions\/9087"}],"wp:attachment":[{"href":"https:\/\/sandbox.kvalevaag.se\/index.php?rest_route=%2Fwp%2Fv2%2Fmedia&parent=9086"}],"curies":[{"name":"wp","href":"https:\/\/api.w.org\/{rel}","templated":true}]}}